 = m + 11. What is the tens digit of i?
3
Let g(b) = 33*b**2 + 77*b + 81. What is the hundreds digit of g(-19)?
5
Suppose 29 + 20 = -2*r - 5*l, 0 = 3*r - 4*l + 108. Let s = r - -36. Suppose s*w - 4*c - 344 = 0, 5*w + 6*c = c + 480. What is the tens digit of w?
9
Let q = 53687 - 34197. What is the ten thousands digit of q?
1
Suppose -58 + 8 = -5*u. Suppose 3 = -a, u = -v - 5*a + a. Suppose -2*l + 3*b = -73, -l + v*b - 90 = -4*l. What is the units digit of l?
2
Let u(w) = 23 - 2*w - 5*w + 5*w - 2*w. Let p be u(5). Suppose 5*l + 2*f = 1257, 0 = 13*f - 16*f + p. What is the tens digit of l?
5
Let h be -1 + (-93 + -4 - -1). What is the hundreds digit of 4*33/(-44)*2*h?
5
Suppose -3*b + 24542 = 4*s, 4*s + 60*b - 24540 = 58*b. What is the units digit of s?
4
Suppose 2*k - 32436 = -41*k + 58380. What is the hundreds digit of k?
1
Let z(f) = -f**3 + 20*f**2 + 19*f + 72. Let o be z(21). Suppose 20*u - o*u = -6450. What is the tens digit of u?
4
Suppose 4*r + 423 = -3*i - 192, -2*i + r = 421. Let b = i - -740. What is the hundreds digit of b?
5
Let g(y) = -3233*y**3 - 2*y**2 - 81*y - 79. What is the tens digit of g(-1)?
3
Let d(u) be the first derivative of -109*u**3 + u**2/2 - 2*u + 45. Let v be d(1). Let x = v + 560. What is the units digit of x?
2
Suppose -2*z - 3*j = -0*z + 7, 5*j = 4*z - 41. Suppose z*t + 40 = 4*p + 8, -t + 24 = 3*p. Let g(s) = 5*s**2 - 10*s + 5. What is the units digit of g(p)?
5
Let s(j) = -j**2 + 10*j + 32. Let n be s(13). What is the units digit of 848 + (-3 - n) + -7?
5
Let b(r) = -1 + 8*r**3 + r + 6*r**2 - 13*r**2 + 6*r**2. Let y be b(1). What is the units digit of 123 + -1 + 3 + 0/y?
5
Suppose -12*g = -6*g + 1140. Let w be 3/((-90)/4) + 25714/(-195). Let r = w - g. What is the units digit of r?
8
What is the hundreds digit of (3 - 9/6)/((-408)/(-11962016))?
9
Suppose 0 = -10*p + 7*p + 45. Let x be p/20*2056/3. Suppose -4*k + 174 = -x. What is the hundreds digit of k?
1
Let h(l) = l**3 + 8*l**2 - 7*l + 13. Let a be h(-9). Let z(u) = -10*u**3 + 3*u**2 + 13*u - 9. What is the tens digit of z(a)?
5
Let k = 5781 + 8407. What is the ten thousands digit of k?
1
Let t = 294 - -580. What is the tens digit of t?
7
Suppose 20957 = -63*m + 492890. What is the hundreds digit of m?
4
Suppose -3*l + 16 = 2*p, 3*l - 5*p = 3 + 41. Let h be (-10)/40 - (-18)/l. Let r(t) = 6*t**2 + t - 4. What is the tens digit of r(h)?
2
Let u = -3898 + 10860. What is the thousands digit of u?
6
Suppose -12*l + 1269 = -687. Let n = l + 205. What is the units digit of n?
8
Let f(t) = 8*t**2 - 12*t + 12. Let a be f(9). Let w = 1039 - a. What is the tens digit of w?
8
Let o be -6*(4 + -3)/3. What is the tens digit of (-404)/(-1) + o + 1?
0
Suppose 7720 = 9*g - 5*g - 4*r, 4*g - 7740 = -r. What is the hundreds digit of g?
9
Let d = 311 - 298. Suppose 204 = d*i - 10*i. What is the units digit of i?
8
Let m(d) = 24*d**2 - 18*d - 14. Let s be m(-7). Suppose 4*x = 3*j - x - s, 2200 = 5*j + 5*x. What is the tens digit of j?
3
Suppose 32 = 4*c - f, 2*c - 11 - 5 = f. Suppose -5*h + 2*m + 27 = 0, 2*h + 2*m = 3*m + 10. Let i = h + c. What is the tens digit of i?
1
What is the units digit of -5 + (-725197)/(-110) + (-6)/(-20)?
8
Suppose -t = -m + 508, -5*t - 420 = -m + 88. Suppose -2*z = -4*h + 4014, -h = -4*z - m - 513. What is the hundreds digit of h?
0
Suppose -3*i = d - 20, 3*d - d = -5*i + 35. Suppose d*r = 13*r - 2976. What is the tens digit of r?
7
Suppose 3*f - 94 = -5*p, -4*p + f - 1457 = -1522. Suppose -5655 = -0*z - 5*z. Suppose -z = -p*j + 705. What is the hundreds digit of j?
1
Let p(d) = -d**2 - 32*d. Suppose 3*w + 2*t + 63 = -2*t, 3*w + 66 = -3*t. What is the hundreds digit of p(w)?
1
Let i = 926 + -507. What is the hundreds digit of i - 3/(-12)*4?
4
Let i be ((-154)/66)/(2/(-1614)). Suppose -v = 9*z - 4*z - i, -3*v + z = -5697. What is the thousands digit of v?
1
Suppose 1936 = -16*q - 1280. Let i = 471 + q. What is the tens digit of i?
7
Let m be (-6)/9 + (-308)/(-12). Let a = 70 - m. Suppose 150 = 5*s - a. What is the units digit of s?
9
Let q(k) = -29*k + 32. Let t(i) = 172*i - 190. Let y(x) = -34*q(x) - 6*t(x). What is the tens digit of y(-12)?
0
Let n(h) = 2*h**2 - 2*h - 2. Let f be n(2). Suppose -6*g + f*g + 4 = 0. What is the tens digit of (g - 2)*(-55 + 12)?
4
Suppose -2*l = -4*h + 13316, 3*l - 3562 = 2*h - 10224. What is the units digit of h?
8
Let b(q) = -6*q**2 - 12 + 43 + q**3 - 25 + 14*q. Suppose 2*k - 4 = -h + 3*h, 4*h - 34 = -3*k. What is the tens digit of b(k)?
9
Suppose 3*o + 335 = -5*w, -4*o - 238 = -w + 247. Let d = o + 123. Suppose 16 = 3*l + s, -6*l + d*s + 24 = -3*l. What is the units digit of l?
6
Let j(s) = 490*s + 751. What is the tens digit of j(3)?
2
Suppose -17*k = 3*k - 4860. Suppose 4*b = -3*r + k, r + 255 = 5*b - b. What is the tens digit of b?
6
Let d be 1/(4/(9 + -1)). Let v(r) = -r + 6*r + 11 - r**2 + d*r**2 - 14. What is the units digit of v(-9)?
3
Let t(m) = -11*m**3 + 15*m**2 - 15. What is the thousands digit of t(-6)?
2
Let h(y) = -2*y + 39. Let v be (21/(-6)*1)/(3/6). Let w(m) = m - 26. Let f(i) = v*w(i) - 5*h(i). What is the tens digit of f(11)?
2
Suppose 10*i - 9*i = 0, 0 = 4*v - 5*i - 12008. What is the thousands digit of v?
3
Let g be 225/4*(-8)/(-3). Let o(u) = u**3 + u**2 - 49*u + 14. Let f be o(7). Suppose -5*m = -2*p + f, -2*p - 3*p + g = -5*m. What is the tens digit of p?
2
Let u(f) = 8*f**2 - 132*f - 31. What is the tens digit of u(26)?
4
Let b(s) = s**3 - 16*s**2 + 28*s - 23. What is the hundreds digit of b(22)?
4
Let i(o) = -o**2 - 14*o - 10. Let k be i(-7). Let j = 39 - k. Suppose x + 3*v + 2*v - 7 = j, -4*x + 143 = -3*v. What is the tens digit of x?
3
Let x = -32100 + 58631. What is the hundreds digit of x?
5
Suppose 120*o = 113*o - 5439. Let h = 1692 + o. What is the tens digit of h?
1
Let g = -192 + 246. What is the hundreds digit of (-7941)/(-18) + 45/g?
4
Let r = 47426 + -28635. What is the ten thousands digit of r?
1
Let u be ((-21375)/(-50))/((-6)/16) + -4. What is the tens digit of (u/(-24) + 1)*15?
3
Suppose 0 = 5*s - k + 2*k + 92, k + 16 = -s. Suppose -775*m + 761*m = -756. Let v = s + m. What is the tens digit of v?
3
Let n(q) = 75*q**3 - q**2 + 20*q - 93. What is the thousands digit of n(4)?
4
Suppose -h = 5*h + 3348. Let t = 1012 + h. What is the units digit of t?
4
Let c be (-1*(549 - -2))/((-1)/9). Suppose -20*v + 7821 = -c. What is the units digit of v?
9
Suppose -x - 25 + 5 = 5*f, -x = -3*f + 4. What is the tens digit of 9/(225/(-40))*x?
1
Suppose 4*r = -3*c - 2*c + 12843, 5*r + 2*c = 16075. Suppose 4*p - 4*u - 3212 = 0, 16*u - 11*u = 4*p - r. What is the units digit of p?
8
Suppose -72*r + 77*r = -2*l + 162412, -162430 = -5*r - 5*l. What is the units digit of r?
0
Let w(i) = -3*i + 2. Let c be w(1). Let o(a) = 113*a**3 - 2*a**2 - a + 1. Let p be o(c). What is the units digit of 0/2 - (-1)/((-1)/p)?
3
Suppose g = 5*z - 683 + 2899, g - 2198 = -z. What is the thousands digit of g?
2
What is the units digit of (-315812)/(-18) + 11*(-35)/3465?
5
Let b = 153058 + -80223. What is the hundreds digit of b?
8
Suppose 4*g - 7 - 13 = 0. Suppose j + 4*b = -0*j - 151, -g*j - 679 = b. Let l = j - -233. What is the tens digit of l?
9
Let c(m) = -m**2 + 7*m - 19. Let u be c(7). Let b = 348 - u. What is the tens digit of b?
6
Let i = -498 + 490. What is the tens digit of (-6594)/(56/i) - -1?
4
Suppose -225544 = 10966*q - 10974*q. What is the tens digit of q?
9
Let s be 204/(-4 - 0 - 88/(-16)). Suppose s*b - 133*b = 15. Suppose -5*v + 625 = b*c, -6*c + 4*c = -v - 244. What is the units digit of c?
3
Let f = -241 + 98. Let h = 369 + f. What is the tens digit of h?
2
Let q be 16 + -16 - 658/(0 + -1). Suppose 5*k - 2773 = -q. Suppose -10*s + k = -s. What is the tens digit of s?
4
Let k = 112 - 109. Let g(z) = -3*z**2 + 9*z. Let d be g(k). Suppose b - 2*v = 2*v - 2, d = b - 3*v - 2. What is the tens digit of b?
1
Suppose -4*h - 4*x + 35 = -13, -6 = -3*x. Suppose 2*t = u - 11, -h = -5*t - 0*t. Suppose -247 = -3*p - 2*b + 586, 0 = 3*b + u. What is the tens digit of p?
8
Suppose 4*h - 9991 = -j, -25*h = -2*j - 23*h + 20022. What is the tens digit of j?
0
Let s = -18385 - -25861. What is the units digit of s?
6
Let p(n) = -n**3 + n**2 + 28*n + 15. Let x be p(6). What is the tens digit of (-3)/(-5) + 3964/10 + x?
